*3 + 9*x**2 - 23*x + 447. Determine l(10).
117
Let c(h) = h**2 - 76*h + 832. Determine c(63).
13
Let f(b) = -2*b**3 + b**2 + 3*b - 62. Give f(0).
-62
Let j(n) = 67*n - 2575. What is j(38)?
-29
Let r(g) = -15*g + 793. Determine r(55).
-32
Let o(q) = 4*q**2 + 18*q + 117. What is o(-11)?
403
Let n(i) = -i**3 + 7*i**2 + 1009*i - 8926. What is n(9)?
-7
Let u(n) = -178*n + 1777. Calculate u(8).
353
Let p(q) = 7477*q + 52367. Determine p(-7).
28
Let x(m) = -777*m**2 - 7764*m + 55. Give x(-10).
-5
Let a(x) = x**2 + 34*x - 99. Give a(-35).
-64
Let p(v) = -v**3 - 274*v**2 + 9452*v + 103. What is p(31)?
10
Let y(q) = -66*q + 88. What is y(7)?
-374
Let o(m) = 776*m - 4850. Calculate o(6).
-194
Let q(x) = 403*x - 404. Calculate q(1).
-1
Let f(z) = z**3 + 15*z**2 + 47*z + 36. Give f(-11).
3
Let d(z) = -z**3 - 6*z**2 + 61*z - 377. Calculate d(-13).
13
Let z(l) = -l**3 - l**2 - 15*l + 37. Give z(2).
-5
Let r(l) = -2*l**3 + 2*l**2 + 3*l - 15. Give r(-2).
3
Let l(u) = 716*u + 11441. What is l(-16)?
-15
Let p(o) = -o**3 + 8*o**2 + 30*o - 8. What is p(-7)?
517
Let h(t) = -t**3 + 42*t**2 - 59*t + 729. Give h(41).
-9
Let i(v) = 61*v - 260. What is i(4)?
-16
Let g(j) = -180*j - 8609. What is g(-48)?
31
Let d(a) = a**3 - 67*a**2 - 135*a - 214. Give d(69).
-7
Let g(q) = -4*q**3 - 47*q**2 + 41*q + 347. What is g(-12)?
-1
Let q(f) = -f**3 + 3*f**2 + 59*f - 241. What is q(-8)?
-9
Let z(k) = -316*k**3 + 9*k**2 - 10*k + 2. Determine z(1).
-315
Let t(c) = -6*c**2 + 443*c - 234. What is t(73)?
131
Let i(s) = 61*s + 3290. What is i(-54)?
-4
Let o(r) = -3*r**2 - 203*r - 104. Give o(-67).
30
Let s(y) = 5*y + 168. Calculate s(-39).
-27
Let q(c) = c**3 + 7*c**2 + 408*c + 3326. Give q(-8).
-2
Let i(y) = 12*y**2 - 34*y - 33. Give i(-1).
13
Let v(w) = 1392*w - 9747. Give v(7).
-3
Let q(r) = 9*r**3 + 6*r**2 - 12*r - 23. Give q(3).
238
Let p(l) = 6*l**2 + 35*l - 336. Calculate p(-11).
5
Let u(h) = -h**3 + 35*h**2 + 122*h - 248. Calculate u(38).
56
Let s(u) = 2*u**3 + 29*u**2 + 60*u - 6. What is s(-12)?
-6
Let v(a) = -1947*a + 19359. Determine v(10).
-111
Let p(a) = -a**2 + 20*a - 114. Give p(10).
-14
Let p(c) = -c**3 + 27*c**2 + 61*c - 92. Determine p(29).
-5
Let w(j) = -142*j + 81. What is w(1)?
-61
Let l(o) = 12*o**3 + 72*o**2 - o + 8. Give l(-6).
14
Let q(b) = -b**3 - 42*b**2 + 46*b + 205. Calculate q(-43).
76
Let w(i) = i**3 + 44*i**2 + 39*i + 122. What is w(-43)?
294
Let y(f) = -f**2 + 205*f - 10493. Give y(103).
13
Let c(k) = -k**3 + 17*k**2 - 8*k + 294. Give c(17).
158
Let l(m) = -133*m - 1491. Give l(-11).
-28
Let g(w) = w**3 - 19*w**2 - 64*w + 24. What is g(-3)?
18
Let y(l) = l**3 - 23*l**2 + 36*l + 80. Calculate y(21).
-46
Let z(d) = -89*d + 1771. Determine z(20).
-9
Let m(d) = -d**3 - 99*d**2 - 724*d + 431. Determine m(-91).
67
Let x(j) = 78*j - 2348. Calculate x(30).
-8
Let s(w) = 525*w - 1561. Determine s(3).
14
Let m(v) = -v**3 - 6*v**2 + 43*v - 14. Determine m(4).
-2
Let j(u) = -u**3 - 49*u**2 + 27*u - 1122. What is j(-50)?
28
Let p(d) = 2954*d + 5882. Determine p(-2).
-26
Let r(t) = 446*t - 20933. Calculate r(47).
29
Let y(d) = 10*d**2 + 338*d + 1353. Determine y(-4).
161
Let u(r) = r**3 - 11*r**2 - 1032*r + 223. Give u(38).
-5
Let r(v) = -v**2 - 83*v + 587. Determine r(-89).
53
Let y(p) = -2*p**3 - 141*p + 280. What is y(2)?
-18
Let a(s) = s**2 + 2682*s + 10705. Determine a(-4).
-7
Let u(r) = 10*r**2 - 50*r + 20. What is u(8)?
260
Let k(n) = -2*n**2 - 11*n + 160. Give k(-22).
-566
Let d(k) = k**2 - 174*k - 892. Give d(-5).
3
Let y(t) = 57*t - 225. Give y(4).
3
Let f(b) = 4*b**2 + 16*b - 140. Calculate f(-16).
628
Let v(y) = -y**2 + 21*y + 2036. Give v(57).
-16
Let c(n) = 3*n**2 + 22*n + 5. Give c(-7).
-2
Let a(r) = r**3 - 63*r**2 + 751*r + 6. Give a(16).
-10
Let m(f) = -f**3 - 193*f**2 - 379*f + 574. What is m(-191)?
1
Let f(y) = -y**2 + 142*y + 1202. Calculate f(-8).
2
Let g(s) = 195*s + 1339. Give g(-7).
-26
Let p(r) = -r**2 + 3*r - 24. Calculate p(-7).
-94
Let l(t) = -8*t**3 + 1025*t**2 - 128*t + 62. Calculate l(128).
62
Let q(h) = -5*h**3 - 10*h**2 - 7*h + 18. What is q(-2)?
32
Let x(z) = -2*z**2 - 349*z - 3874. Determine x(-12).
26
Let k(s) = 23*s**2 + 11. What is k(0)?
11
Let c(l) = l**3 - 136*l**2 - 195*l - 11185. What is c(138)?
-7
Let n(t) = 6*t**3 - t**2 - 2*t - 1. What is n(-1)?
-6
Let n(u) = -u**3 + 7*u**2 + 545*u - 36. Give n(27).
99
Let t(k) = -k**3 - 112*k**2 + 235*k + 707. Give t(-114).
-91
Let a(z) = 158*z - 6057. Calculate a(35).
-527
Let s(q) = -q**3 - 19*q**2 - 90*q - 15. Determine s(-8).
1
Let y(j) = -3*j**3 - 20*j**2 + 63*j + 8. Calculate y(-9).
8
Let a(d) = -d**3 + 6*d**2 - 265*d + 1910. Determine a(7).
6
Let b(h) = -h**2 - 86*h + 846. Give b(-95).
-9
Let m(y) = y**2 - 62*y - 2283. Determine m(-26).
5
Let l(r) = r**2 - 12*r - 998. Determine l(-31).
335
Let v(n) = -2*n - 152. Calculate v(26).
-204
Let l(z) = z**3 - 160*z**2 + 1218*z - 277. Calculate l(152).
27
Let h(t) = 267*t + 489. Give h(-3).
-312
Let v(c) = -2*c**3 + 34*c**2 - 77*c - 345. Give v(13).
6
Let f(b) = -2*b**3 + 170*b**2 - 333*b + 67. Calculate f(83).
-16
Let g(s) = -6*s**2 - 37*s + 48. Calculate g(-8).
-40
Let d(h) = -57*h + 1685. Give d(26).
203
Let w(c) = -12*c**2 + 140*c + 92. What is w(12)?
44
Let s(j) = 10*j**2 - 121*j + 12. Determine s(12).
0
Let l(z) = 11*z + 338. Calculate l(-32).
-14
Let x(u) = -2*u**3 - 209*u**2 + 110*u + 530. Calculate x(-105).
5
Let x(j) = j**3 - 15*j**2 - 19*j - 173. What is x(16)?
-221
Let v(w) = -104*w + 3851. Calculate v(37).
3
Let n(d) = -d**2 - 111*d - 1741. Calculate n(-19).
7
Let s(m) = m**3 + 82*m**2 + 245*m + 635. Calculate s(-79).
3
Let a(d) = -7*d - 9. Determine a(-11).
68
Let s(f) = 87*f - 26597. What is s(306)?
25
Let c(r) = -r**3 + 12*r**2 - 214*r - 1498. What is c(-5)?
-3
Let b(c) = c**3 + 25*c**2 + 87*c + 73. Give b(-21).
10
Let x(l) = 12*l**2 - 1524*l - 2. Determine x(127).
-2
Let p(b) = -15*b**2 - 339*b - 46. Calculate p(-21).
458
Let q(p) = 257*p - 1544. Determine q(6).
-2
Let s(d) = d**3 + 34*d**2 - 31*d + 155. Calculate s(-35).
15
Let z(c) = 200*c - 1875. Give z(7).
-475
Let h(m) = 7*m**2 + 204*m - 12. Determine h(-29).
-41
Let f(n) = 2*n - 63. Give f(25).
-13
Let h(f) = f + 28. Give h(-15).
13
Let r(h) = -h**3 - 24*h**2 - 63*h - 58. Calculate r(-21).
-58
Let z(p) = 117*p - 438. Determine z(5).
147
Let z(c) = -c**3 + 24*c**2 + 13*c - 37. Calculate z(24).
275
Let g(o) = 75*o + 629. Give g(-8).
29
Let v(s) = -s**2 + 23*s - 67. Give v(6).
35
Let x(z) = 3*z**3 - z**2 + 2*z - 230. What is x(0)?
-230
Let q(d) = d**3 + 84*d**2 - 84*d + 83. Calculate q(-85).
-2
Let v(b) = 4*b. Determine v(1).
4
Let g(r) = -661*r + 77320. What is g(117)?
-17
Let d(y) = 98*y + 2664. Calculate d(-27).
18
Let w(p) = 19*p**2 - 117*p + 30. Calculate w(6).
12
Let i(f) = 2*f**2 - 13*f - 81. Determine i(-4).
3
Let y(s) = -84*s**2 + 84*s - 4. Give y(1).
-4
Let h(z) = -z**2 - 21*z + 807. Determine h(19).
47
Let t(j) = 8*j - 313. Determine t(39).
-1
Let l(q) = -q**3 + 3*q**2 + 8*q - 15. Determine l(4).
1
Let x(c) = c**3 + 2*c**2 + 5*c + 5. Calculate x(6).
323
Let y(u) = -u**2 - 52*u - 551. Calculate y(-37).
4
Let v(z) = 8*z - 73. What is v(7)?
-17
Let f(g) = 6*g**2 + 20*g - 10. Calculate f(-6).
86
Let y(a) = -66841*a + 3. Calculate y(0).
3
Let r(i) = i**2 + 68*i + 671. What is r(-12)?
-1
Let l(m) = -2*m**3 - 4*m**2 + 6*m + 9. Give l(2).
-11
Let r(q) = 33*q - 334. Determine r(10).
-4
Let h(c) = -5*c**2 - 524*c - 3636. Determine h(-7).
-213
Let k(b) = -6*b**3 + 602*b**2 + 411*b - 727. Determine k(101).
-20
Let v(b) = -14*b**3 - 2*b**2 - 12*b + 14. Calculate v(1).
-14
Let b(s) = s**3 - 18*s**2 + 33*s + 24. Give b(16).
40
Let v(z) = -z**2 + 15*z + 40. Give v(17).
6
Let l(b) = b**3 + 82*b**2 + 847*b + 364. Give l(-70).
-126
Let x(r) = r + 9. Give x(-15).
-6
Let q(y) = y**3 - 7*y**2 + 14*y + 10. Determine q(8).
186
Let m(h) = h**3 - 31*h**2 + 34*h - 59. Give m(30).
61
Let j(y) = 775*y + 3848. Give j(-5).
-27
Let m(z) = z**3 + 4*z**2 + 5*z + 6. Determine m(-3).
0
Let f(o) = 948*o - 11389. Give f(12).
-13
Let x(d) = -8*d**3 - d**2 - 12*d + 14. Give x(4).
-562
Let a(v) = 6*v**3 + 235*v**2 + 39*v + 8. Determine a(-39).
8
Let n(p) = 11*p**2 + 15*p + 2. Calculate n(-3).
56
Let r(a) = 93*a + 2219. Determine r(-24).
-13
Let y(u) = -u**3 - 17*u**2 - 55*u + 157. Give y(-10).
7
